d derivative of b**5/60 - b**4/6 - b**3/3 + 4*b**2. Suppose 4*a - 5*u = 69, -13 - 40 = -3*a + 4*u. Let r = 15 - a. Calculate p(r).
-2
Let d(s) = -s**3 - 8*s**2 + s + 11. Let u(w) = w - 4. Let m be u(9). Suppose -4*a - 30 = f - 3, -33 = a - m*f. Give d(a).
3
Let i(b) = b**2 + b - 27. Suppose -2*y + 10 = 0, 21 = 5*k + 5*y - 29. Suppose -3*n + 0*j - j = 0, -3*j = k*n. Calculate i(n).
-27
Suppose 4*p + 3*v + 19 + 5 = 0, -2*p - 5*v = 12. Let k(r) = 4*r + 11. Calculate k(p).
-13
Let d(o) = o**2 + 6*o - 1. Let j(x) = -x**3 + 13*x**2 + 15*x + 22. Let r be j(14). Suppose 7*f - r = 13*f. Determine d(f).
-1
Let u be 576/320 + ((-2)/5)/(-2). Let g(r) be the first derivative of r**3 - 1 - r + 1/4*r**4 + r**u. Determine g(-2).
-1
Suppose 0*b - 3*b = -15. Suppose -k = -g - 3, b*k - 5 = -2*g + 10. Let d(z) = -z - 3. Determine d(k).
-6
Let z(c) = -15*c**3 + c**2 - 2*c + 1. Let j be 27/(-2)*(13 - 19). Let o = -80 + j. Give z(o).
-15
Let k(i) = i**2 - 9*i + 5. Let m(q) = q**2 + 2*q - 8. Let b be m(5). Suppose 16*o = 19*o - b. Suppose 3*p - o = -3*l, 2*p - 10 = -0*p - l. Give k(p).
-9
Let m be (-1)/2 - (-15)/6. Let u be -3 + -8*(-2)/m. Let g(c) = -3 - 2 - 3 - 3*c + u. Give g(-2).
3
Let y(h) be the second derivative of h**6/240 + 7*h**4/4 + 36*h. Let n(a) be the third derivative of y(a). Determine n(4).
12
Let c = 3 + 0. Let l(v) = 2*v - c*v + 0*v + 2*v + 6. Suppose -3*g + 8*g = 2*n - 25, 3*n = 4*g + 20. Determine l(g).
1
Let l(p) = 8*p**3 + p**2 - p. Let k be 1/3 - (-56)/12. Suppose -r + 8 = k*f, -3*r = -5*r + 6. Suppose m + f = 2*m. What is l(m)?
8
Let n(a) = -a**3 - 9*a**2 - 12*a - 29. Let i be n(-8). Let r(l) = -l**i + 10*l**2 - l - 4 + 1 - l + 16. Calculate r(10).
-7
Let o be -3 + 1 + 4/(-2). Let r(f) = 20*f + 87. Let j(s) = 7*s + 32. Let h(v) = -8*j(v) + 3*r(v). Determine h(o).
-11
Let m be 4557/(-189) + (-2)/(-18). Let v be 10/8 + m/(-32). Let z(b) = b - 2. Give z(v).
0
Let i(b) be the third derivative of -b**6/120 - b**5/6 + b**4/24 + 8*b**3/3 + 2*b**2 - 7. Determine i(-10).
6
Let g(j) = 81 - 13*j + 18*j + j**2 - 75. Suppose -u = 2 + 4. What is g(u)?
12
Let m(f) = -f + 4. Let l be (6/16)/(13/208). What is m(l)?
-2
Let r = -2421 - -2413. Let b(x) = -x**3 - 9*x**2 - 7*x - 6. Determine b(r).
-14
Let a = -9 + 12. Suppose -a*x + 0*x - 15 = 0. Let q(d) = 0 - 2 + 9 - 4*d + 5*d. What is q(x)?
2
Let a(c) = -c**2 - c - 2. Let h(w) = w**2 + 4*w - 2. Suppose -4*l = 19 - 3. Let y be h(l). What is a(y)?
-4
Let b(w) = -w**3 - 19*w**2 - 30*w + 44. Let t be b(-17). Let m(o) = 2*o**2 - 7*o - 2. Let z be m(6). Let a = z + t. Let n(q) = -q + 1. What is n(a)?
-3
Let c(y) be the third derivative of y**5/30 - y**4/24 - 24*y**2. Suppose -3*r = -5*r. Suppose 2*m + 6*q - q - 21 = r, 0 = -2*m - 3*q + 11. Determine c(m).
10
Let t(o) = -496*o**3 - 2 + 4*o + 8*o**2 + 255*o**3 + 242*o**3. What is t(-7)?
19
Let a(h) be the second derivative of -5/6*h**3 - 1/2*h**2 + 10*h + 0 - 1/12*h**4. Calculate a(-5).
-1
Let v be (44/3)/(-4) + 4/6. Let m(w) = 3*w - 2. Let j(y) = -2*y + 1. Let t(u) = v*m(u) - 4*j(u). Determine t(-3).
5
Let a(y) = 5*y. Let w(k) = 4*k. Let u(c) = -5*a(c) + 6*w(c). Let i(v) = 3*v**2 - v + 1. Suppose -5*r = -12 + 7. Let f(x) = r*i(x) - u(x). Calculate f(-1).
4
Let r(y) = y**3 + 5*y**2 - 7*y - 6. Let v be r(-6). Let g(q) = -15 + 2 + 6 - 2 - 9 - q. Determine g(v).
-18
Let q(h) be the second derivative of -h**4/12 + 3*h**3/2 - 17*h**2/2 - 8*h + 13. Calculate q(7).
-3
Suppose 27 + 27 = 6*u. Let j(h) = h**3 + 24 - 12 + 3*h + 3*h**2 - u. What is j(-2)?
1
Suppose -7*n + 6*n = 0. Let q = -4 + n. Let x(u) = -5*u - 13. Let s(i) = i + 1. Let g(y) = 4*s(y) + x(y). Calculate g(q).
-5
Suppose t = -0*t + 5. Suppose -3*a - 24 = t*j, a = -5*j - 4*a - 20. Let l(p) = -7*p - 25. Let z(d) = 8*d + 29. Let f(k) = 6*l(k) + 5*z(k). What is f(j)?
7
Let d = 0 + 3. Let q(u) = u**2 - u. Suppose 2*m - 8 = -2*v, -4*m - 8 = -0*m - 4*v. Let i(r) = -4. Let w(c) = m*q(c) + i(c). Give w(d).
2
Let p(a) = -a**3 + 3*a**2 + 4*a. Let f(b) = -10*b**2 - b. Let x be f(1). Let r = -7 - x. Let i be p(r). Let c(v) = v**2 + v + 8. Calculate c(i).
8
Let g(s) = -3*s - 34 + 30 - s. Determine g(-3).
8
Let t(q) = q**2 - 5*q - 3. Suppose -3*g - 5*o = -13, 2*g = 7*g + 3*o - 27. Determine t(g).
3
Let r(x) = -x + 8. Let z be (-10)/(-8) - (-117)/(-36). Let b(o) = 3*o - 2. Let y be b(z). Calculate r(y).
16
Let p = -177 + 175. Let b(s) = -4*s - 2. What is b(p)?
6
Let k(a) = -a**3 + 6*a**2 - 4*a - 5. Let q(j) = 2*j - 44. Let u be q(32). Let i(g) = 2*g - 6. Let z be i(5). Let t be (2/2)/(z/u). Give k(t).
0
Let s = 114 + -148. Let q = -29 - s. Let v(x) = x**2 - 3*x - 1. What is v(q)?
9
Let c(u) be the second derivative of -u**5/20 - u**4/3 + 3*u**3/2 + u**2 + 9*u - 2. Determine c(-6).
20
Let w(c) = -4*c - 2. Let m be w(-1). Let g(z) = z + 15*z**m - 2*z - 5*z**2. What is g(-1)?
11
Let r(k) = k**2 + 6*k - 1. Suppose -6*n + 8*n = -10. Let x = -12 - n. Determine r(x).
6
Let r(s) = -5*s**3 - 9*s**2 - 5*s + 6. Let p(x) = -x**3 - x**2 - x + 1. Let f(w) = 6*p(w) - r(w). Let n(l) = l + 5. Let a be n(-3). Give f(a).
2
Let a(g) be the third derivative of -5*g**4/24 - 22*g**3/3 - 146*g**2. Determine a(-10).
6
Let j be ((-1)/(-3)*-2)/((-36)/1080). Let k(o) = o + 13*o**2 - 28*o**2 + j*o**2. Give k(-2).
18
Let t(a) = a**2 - a + 3. Let v be t(0). Let c(b) = -b**3 + 2 - 8 + v*b**2 - 3*b - b - 8*b**2. Suppose 17*n - 25*n - 32 = 0. Calculate c(n).
-6
Let b(c) = 5*c**2 - 2*c + 3. Suppose -42*j = -25*j - 34. Calculate b(j).
19
Suppose -2*h = 3*n - 42, -5*n - 5*h + 1 = -4*n. Suppose 0 = -32*x + 36*x - n. Let s(j) = -6*j - 7. Let u(d) = 13*d + 15. Let l(r) = 9*s(r) + 4*u(r). Give l(x).
-11
Let z(m) = -3 - 4*m + 1 + 3*m. Let q be ((-6)/8)/((-19)/76). Let d(i) = 2*i - 1. Let w be d(q). Calculate z(w).
-7
Let j(d) = 7*d + 13. Let m(t) = 13*t + 27. Let f(a) = 11*j(a) - 6*m(a). What is f(0)?
-19
Let f be (-38)/10 - (1027/(-65) - -16). Let g(h) = -h**2 - 3*h + 4 - 2 + 3. What is g(f)?
1
Suppose 5*r = 5*x + 15, -3*r = r + x + 3. Let t = r - 5. Let u(b) = -6*b**2 - b**3 + 2 + b**2 - 6*b + b**2 - 2*b**2. Determine u(t).
7
Let k be 6/((21/2)/7). Suppose -2*o = y + 7, 2*y - o = k*o + 31. Suppose y*j = 2 + 1. Let n(b) = -3*b**3 - 2*b**2 + b. Give n(j).
-4
Let n = -57 + 94. Let v = n + -20. Let h(m) = -v + 0*m**2 + m + m**2 + 12. Determine h(0).
-5
Suppose -4*c - 20 = 0, -4*c = 5*m - 5*c - 20. Let j(d) = d - d + 2*d. Determine j(m).
6
Let r(y) = -24*y + 3. Let n(q) = -q. Let j(x) = -12*n(x) + r(x). Calculate j(2).
-21
Let f(r) be the first derivative of -r**3/3 - 2*r**2 - 2*r + 21. Give f(-1).
1
Let p(y) = -y**3 - 9*y**2 - 4*y - 40. Let m(l) = -18*l + 423. Let z be m(24). What is p(z)?
-4
Let u be (-9)/(-7) + -1 - 1034/(-154). Let k(n) = n**3 - 6*n**2 - 3*n - 10. Give k(u).
18
Let c(v) be the first derivative of 2*v**2 + 5*v - 1. Let t = -16 - -12. Determine c(t).
-11
Let f be ((-3)/(-9))/((-3)/18). Let p(r) = -6 + 4 + 1 - 5*r. Give p(f).
9
Let x be 3 - (5 + 54/(-9)). Let z(s) = -s**3 + 3*s**2 + s + 2. Calculate z(x).
-10
Let s(o) = 2*o**2 - o**3 + 0 + 2*o**2 - 3*o**2 + 3*o + 4. Let b be s(3). Let u(p) = p - 6. Give u(b).
-11
Let o = -7 + 13. Suppose o = 3*d, 15 = -5*s - 9*d + 4*d. Let i be (s - (1 + -2))/(-2). Let t(n) = -7*n + 3. Calculate t(i).
-11
Let i(z) be the third derivative of z**6/120 - z**5/30 - z**4/8 + z**3/6 + z**2 + 21*z. Determine i(3).
1
Let v(a) = -a - 6. Let o be v(-4). Let r(q) = -q**3 - 2*q**2 + 6 + 2 + 4 + 2*q - 9. What is r(o)?
-1
Let o(c) = -c + 1. Let n(g) = -5*g + 15. Let d = -87 - -83. Let y(z) = d*o(z) + n(z). Give y(5).
6
Let w(q) be the first derivative of -q**3/3 - q**2 + 7*q + 21. What is w(-5)?
-8
Let h(x) = x**2 + 5*x - 4. Let o be h(-6). Let f(d) be the second derivative of d**3 - d**2 - 5467*d. Determine f(o).
10
Let g(c) = -c**2 + 2*c**3 - 3*c**3 - 3 + 0*c**3 - 8*c - 11*c**2 + 5*c**2. What is g(-5)?
-13
Let y(g) = 3*g + 25. Let x = 61 + -71. Let l be y(x). Let c(o) = o**2 + 5*o + 1. What is c(l)?
1
Let g(x) = 18*x - 89. Let n be g(5). Let v(c) = 10*c**2 - c + 1. Determine v(n).
10
Let k(y) = -y**2 + 5*y - 2. Let b be (-9)/(-3*(-4)/(-12)). Suppose 13*r - b*r = 12. Give k(r).
4
Suppose -14 + 2 = 3*x. Let l(p) = -458 + 1378 - 456 - p - 463 + 0*p. Give l(x).
5
Let i(u) = -u**3 - u**2 - 2*u - 2. Let c be -1 + 2 + -1 + -2. What is i(